+ v*u + 2682 = -u. What is the hundreds digit of b?
3
Let y(q) = q**3 + q**2 + q - 1. Let d(h) = -39*h**3 - 4*h**2 - h + 1. Let t(o) = -d(o) - 2*y(o). What is the units digit of t(2)?
3
Let i(m) be the second derivative of 31*m**3/3 - 58*m**2 + 4*m - 17. What is the tens digit of i(15)?
1
Let g(j) = 1020*j + 357. What is the units digit of g(14)?
7
Suppose 5*b + 4 = -11. Let g be (-19)/3 + (-1)/b. What is the units digit of g/15 + 1161/15?
7
Let z(j) = j**3 - 14*j**2 + 4*j + 12. Suppose -4*p + 40 = 2*w, -2*w - 5*p + 23 = -w. Let q = -4 + w. What is the units digit of z(q)?
8
Suppose -2*g - 5*k = 19, -2*g + 4*k + 3 = -5. What is the hundreds digit of ((-148)/(-16))/(g/(-152))?
7
Let c(t) = 27*t**2 - 65*t + 355. What is the units digit of c(30)?
5
Suppose 0 = -3*l + 9. Suppose -l*j = -4*j. Suppose 14*y - 13*y - 54 = j. What is the units digit of y?
4
What is the hundreds digit of -20 + (-242085)/(-32 + 27)?
3
Suppose 31380 = 113*o - 103*o. Suppose -3*k + o = -2301. What is the thousands digit of k?
1
Let n = -569 + 571. Suppose 4*l = 4*t + 876, -5*l - n*t + 426 = -3*l. What is the tens digit of l?
1
Suppose s + h - 13 = 3*h, 6*s - 2*h - 38 = 0. Suppose a = n + 5*a - 1769, -7054 = -4*n - s*a. What is the units digit of n?
1
Let m be ((-2)/(-1) + -3)/(5/(-50)). Suppose m*a = 8*a + 592. What is the hundreds digit of a?
2
Suppose 4446*l - 4493*l = -1835303. What is the hundreds digit of l?
0
Suppose -q = -5*m + 2*q + 175, -5*m - 5*q = -135. Let l = 37 - m. Suppose -2*h + d + 231 = 0, -l*h - 4*d + 605 = -d. What is the units digit of h?
8
Let p = -211 + 881. Suppose -3*i + 2*i + p = s, -5*i + 5 = 0. What is the units digit of s?
9
Suppose -y + 3*n + 9 = 2*y, n - 4 = 0. Suppose -y*c + 6*c + 195 = 0. What is the units digit of c?
5
Let y(n) = -n + 2. Let f be y(6). Let h be ((-1)/f)/((-7)/(-140)). Suppose h*a + 2*l + 0*l - 76 = 0, -56 = -4*a - 4*l. What is the units digit of a?
6
Let o(t) = 1403*t**2 + 29*t + 150. What is the hundreds digit of o(-5)?
0
Suppose -61*p + 6128 = 5*q - 58*p, 0 = -p + 1. What is the thousands digit of q?
1
Let b = 122 - 104. Suppose -40*v + 21450 = -b*v. What is the hundreds digit of v?
9
Let l = -571 - -859. What is the tens digit of 6*(l/15)/6*5?
9
Let l(y) = -4*y**2 - 10*y - 68. Let s be l(-24). Let a = 3218 + s. What is the hundreds digit of a?
0
Suppose 3*k = -0*k + 42. Let i(r) = 227*r + 229*r - 13 - 3*r**2 - 440*r + 2*r**2. What is the tens digit of i(k)?
1
Let a = 55048 - 24474. What is the units digit of a?
4
Let w(b) be the first derivative of -121*b**2/2 - 91*b + 296. What is the hundreds digit of w(-13)?
4
Let t be -1*-9*(1 - 0). Let c(s) = -s**3 - t + 2*s + 25 - 3 - 7*s**2. What is the units digit of c(-8)?
1
Suppose 0 = 5*r + 25, -2*n + 4*r = 7*r + 31. Let p be 2/n - 210/56. What is the tens digit of 184/(-4 + 1 + (p - -9))?
9
Suppose 18*i + 111 - 39 = 0. What is the hundreds digit of (178/(-4) + i - 1)*-6?
2
Suppose -o + 28 = -4*o + 4*q, -5*o - 2*q = 12. What is the tens digit of ((-1194)/4)/((-55)/10 - o)?
9
Suppose -3*b + 100*a + 44181 = 97*a, 5*b - a - 73615 = 0. What is the units digit of b?
2
Let t(x) = 5*x - 23. Let o be (2 - -1)/(-3) + (6 - 1). Suppose -s + 6*s = a + 67, -3*a = -o*s + 58. What is the units digit of t(s)?
2
Let q = -24745 - -39457. What is the units digit of q?
2
Let a(j) = -j**2 + 17*j - 69. Let t be a(9). Suppose o - 474 = -3*o + 3*n, t*o + 3*n - 366 = 0. What is the units digit of o?
0
Let u(v) = 2 + 2 - 1 - 4*v. Let i(m) = -m - 11. Let g be i(0). What is the units digit of u(g)?
7
Let w be 4 + 242 + (0 - 9). Let t(p) = 2*p**2 - 4*p - 1. Let a be t(-5). Suppose -6*l + w = -a. What is the tens digit of l?
5
Let z = -254 - -77. Let k = 269 + z. Let s = k - 0. What is the units digit of s?
2
Suppose s - 10 - 8 = 0. Let i(r) = -r**3 + 13*r**2 + 26*r + 39. Let m be i(15). Let y = s - m. What is the units digit of y?
9
Let t(d) = d**3 - 25*d**2 - 2*d + 55. Let r be t(25). Suppose -r*c = 5*h - 5350, c + 4*h + 438 = 1520. What is the tens digit of c?
6
Suppose -2660*v + 2684*v = 433358 - 8006. What is the thousands digit of v?
7
Suppose 3*p - x - 166175 = 0, 0 = 7*p - 6*p + 3*x - 55375. What is the thousands digit of p?
5
Let u = 80704 - 54540. What is the hundreds digit of u?
1
Let s = 11537 + -3918. What is the thousands digit of s?
7
Suppose -3*k = w - 69, -7*w - k = -9*w + 138. Let n(m) = -w*m**3 - 417*m + 419*m - 3 - 2*m**2 + 4. What is the tens digit of n(-1)?
6
Let w be 3*((170/6)/(-5) - 1). Let t = 38 + w. What is the tens digit of (-15)/(3/(-2)*2/t)?
9
Suppose 0 = -5*q + z + 52572 - 8835, 0 = 3*q + 3*z - 26253. What is the thousands digit of q?
8
Let f be (-2)/(-3) - (-1 - 37/3). Suppose -k + 0*n = -4*n + 7, -k + f = 3*n. Suppose 0 = -9*z - k*z + 392. What is the units digit of z?
8
Let l be 2 - (0 - -3)*(2 + 0). Let o be (-3 + 68)/((-2)/l). Let p = -20 + o. What is the tens digit of p?
1
Suppose 5*x = 7 + 13. Suppose -q + x*f = -36 - 139, 0 = -q + 2*f + 169. Suppose -3*t = -5*g + 149 + 689, -q = -g - 4*t. What is the tens digit of g?
6
Let l(a) = 12*a**2 + 25*a + 7. Let x be l(5). Suppose -r - x = -7*r. What is the units digit of r?
2
Let v(r) = r**3 + 88*r**2 + 46*r + 477. What is the hundreds digit of v(-83)?
1
Let q(w) = 217*w**2 + 48*w - 1. What is the units digit of q(-3)?
8
Suppose 0 = -5*v + 2*f + 151957, -5*v - 151921 = -10*v - 4*f. What is the thousands digit of v?
0
What is the units digit of 46079 + ((-220)/(-66))/(3/9)?
9
Let w = -125 - -140. Let v be (24/14)/(-2)*(-6 - w). What is the units digit of 4/(-18)*-1 + 3776/v?
0
Suppose q + 104341 = 2*z, -3*q - 503978 = -19*z + 487307. What is the thousands digit of z?
2
Let x be (2/2)/(11/33). Suppose 94 = -x*c + 886. What is the hundreds digit of c?
2
Let w = 114 + -91. Suppose -27*o + w*o = -3304. What is the hundreds digit of o?
8
Let d = 17856 + 8348. What is the ten thousands digit of d?
2
Let v(r) = -29*r + 5. Let g be v(-7). Suppose 5*m + g = m. Let k = m - -81. What is the tens digit of k?
2
Let w(z) = 2*z + 19. Let y be w(-10). Let d(r) = -64*r**3 + r**2 - r - 1. Let p be d(y). Suppose -3*x + 256 + p = 0. What is the hundreds digit of x?
1
Suppose -230316 = -22*y - 16873 + 200729. What is the ten thousands digit of y?
1
Let u(z) = z**3 + z**2 - 12*z + 19675. What is the hundreds digit of u(0)?
6
Let l(u) = u**2 + 1. Let x be l(-1). Suppose -x*b + 272 + 350 = 0. Suppose -b = -4*d - 4*z - 3, 239 = 3*d - z. What is the tens digit of d?
7
Suppose -7*n + 9009 = 3255. Let h = -529 + n. What is the tens digit of h?
9
Let s be (-141)/(-2)*51*(-8)/36. Let q = s + 1619. Suppose -v + 11*v - q = 0. What is the units digit of v?
2
Suppose 0*b - 2*b = 4*y - 2656, 4*b = -y + 5312. Let o = -903 + b. Let z = o + -250. What is the hundreds digit of z?
1
Let x = 560 + -180. Suppose x*w = 379*w + 617. What is the tens digit of w?
1
Suppose -x + 166 = 4*l, -5*x + 2*l = -0*l - 720. What is the hundreds digit of x?
1
Let z(w) = 310*w**2 - 4*w + 18. Let q(r) = -929*r**2 + 11*r - 52. Let b(x) = -4*q(x) - 11*z(x). What is the units digit of b(2)?
4
Let s(f) = f**3 + 11*f**2 + 25. Let y(i) = -i**3 + i**2 - i. Let z(d) = s(d) + 2*y(d). Let m be z(13). What is the units digit of 65 + 9 + (-1 + m - -2)?
4
Let d(h) = h**2 - 4*h + 18. Let v = -39 + -4. Let n = -37 - v. What is the tens digit of d(n)?
3
What is the hundreds digit of (-993)/42*-3012 + (-4)/14?
2
Suppose q + 228 = 5*o, 0 = o + 3*o + 2*q - 174. Suppose -36 = -o*g + 48*g. What is the units digit of (-1348)/g + 2/(-6)?
2
What is the units digit of (-3)/(21/(-28)) - (-117768)/7?
8
Let a(i) = -i**3 - 20*i**2 - 31*i + 4. Suppose -4*u - 5*c - 80 = 0, c + 65 = -5*u - 35. What is the tens digit of a(u)?
2
Suppose 2*t = 5*l - 1120, -1920 = 3*t + 2*l - 240. Let p = -418 - t. What is the tens digit of p?
4
What is the ten thousands digit of (-200)/(-350) - (-1 - 665348/28)?
2
Let f = 25 + -17. Suppose -u - 2009 = -f*u. What is the hundreds digit of u?
2
Let y = -48264 - -74883. What is the hundreds digit of y?
6
Let f(a) = a**3 + 15*a**2 + 9*a - 12. Let y be f(-7). Let t = -221 + y. Let j = 63 + t. What is the hundreds digit of j?
1
Suppose 2*v - 3*q = 14, -v - v - 3*q + 2 = 0. Suppose -223 = -x + 5*s, -4*s = v*x - 685 - 255. What is the tens digit of x?
3
Let d = -20220 - -19838. Let p(n) =